7 + 1 = 0. Let w = c - -9. Calculate the remainder when 12 is divided by w.
2
Suppose -7*k - 37 = -310. Let q(b) = 2*b**2 + 5*b - 2. Calculate the remainder when k is divided by q(-4).
9
Let f be (-3)/3 + 2 + -2. Suppose -7*l - 1368 = -11*l. Calculate the remainder when (l/(-27))/(f/3) is divided by 20.
18
Suppose -5*j + 27 = -2*x, 4*j + x = -5 + 24. Suppose j*w - 8*w = -33. Let q = -34 - -77. What is the remainder when q is divided by w?
10
Let b = 103 - 100. Suppose 3*k + 0*f = -b*f + 141, -4*k + 153 = -3*f. Calculate the remainder when k is divided by 25.
17
Let l = 4 - 0. Suppose -l = -4*z + 4. What is the remainder when 54 is divided by (-38)/(-6)*6/z?
16
Let u(c) = -57*c + 94. What is the remainder when 144 is divided by u(1)?
33
Suppose -4*l - 9 = -7*l. Suppose -h + l*h - 32 = 0. What is the remainder when (-13)/(-39) - 236*2/(-6) is divided by h?
15
Let x = 28 - 16. Suppose -2509*w = -2505*w - 64. Calculate the remainder when w is divided by x.
4
Let d = 266 + -118. Let j = 282 - d. Calculate the remainder when j is divided by 27.
26
Suppose 2*i - 14*y - 22 = -13*y, i - 2*y = 5. Calculate the remainder when 152/6 - (-3)/(-9) is divided by i.
12
Let x = 95 - 68. Let w = x - 24. Calculate the remainder when (0 + (-14)/(-6))*w is divided by 5.
2
Suppose -2*x - 2*x + 160 = 0. Suppose -7*i + x = -3*i. Calculate the remainder when 39 is divided by i.
9
Let w(z) = -33*z**2 - 3*z - 2. Let v be w(-1). Let b = v + 44. Calculate the remainder when 20 is divided by b.
8
Calculate the remainder when (-241)/(-3) - (9 + (-203)/21) is divided by 7.
4
Let n(w) = -2*w - 7. Let k(v) = -10*v + 115. Calculate the remainder when n(-6) is divided by k(11).
0
Suppose -i = 2*i - 57. Calculate the remainder when 37 is divided by ((-4)/4)/(-1) + i.
17
Let o(m) = -m**2 - 25*m + 5. Let i(q) = -q**2 + 18*q - 41. Let j be i(17). What is the remainder when o(j) is divided by 10?
9
Let r = 183 + -136. What is the remainder when 91 is divided by r?
44
Let b(i) = -109*i - 4. Let s be b(-5). Suppose 111 = -5*v + s. Calculate the remainder when v/4 + (-2)/4 is divided by 12.
9
Suppose -5*n + 29 = 109. Suppose -4*h = 3*v - 10, 3*h + 4 = h. What is the remainder when (-172)/n + (-2)/(-8) is divided by v?
5
Suppose -2*x - 40 = -p, -x = 2*p - 3*x - 88. Suppose 11*u + 3 = 8*u, 3*i + 3*u - 6 = 0. What is the remainder when p/(-2)*3/(-6) is divided by i?
0
Let m(y) = -y**2 + 19*y - 19. Suppose j - 2*o = 160, -126 = -3*j + o + 354. Calculate the remainder when j is divided by m(15).
37
Let c(o) = o**3 - 3*o**2. Let u be c(3). Suppose 3*g - 37 + 7 = u. Calculate the remainder when 128 is divided by g.
8
What is the remainder when 407 is divided by ((-325)/(-10))/((-5)/(-4))?
17
Suppose 17*s - 14*s - 6 = 0. Suppose -w = -4*k + 14, -5*k + 6*k = s*w. Calculate the remainder when 14 is divided by k.
2
Let n = -14 - -20. Let l = -354 - -359. Suppose -l = -b + n. Calculate the remainder when 19 is divided by b.
8
Let g be 7 - ((-4)/2 + 0). Suppose 5*p - 4 = g*p. Calculate the remainder when 15 is divided by (p + 3)/(2/6).
3
Suppose -2*h - c + 15 + 6 = 0, 2*h - 5*c = 51. Calculate the remainder when 40 is divided by h.
1
Let v = 119 + 47. Calculate the remainder when v is divided by 28.
26
Suppose 0 = -4*z - 3*z + 119. Let r = 35 - z. Calculate the remainder when 48 is divided by r.
12
Suppose -110 = -5*v - 4*i, 2*v - 3*i + 0*i = 67. Suppose -2*x + v = -x. Let y = x + -13. What is the remainder when 25 is divided by y?
12
What is the remainder when 36 is divided by (1 + 0 + 9)/(8/20)?
11
Let r = 42 - 26. Suppose -z = -23 - r. What is the remainder when z is divided by 10?
9
Let y = 2 - -3. Suppose 203 = 3*i - 2*m, -y*m - 350 = -5*i - 4*m. Let t = -45 + 63. Calculate the remainder when i is divided by t.
17
Let o = -50 + -7. Let q = -37 - o. Let r = -9 + 16. What is the remainder when q is divided by r?
6
Suppose 5*q = o - 946, 2*o = 10*q - 14*q - 768. Calculate the remainder when 170 is divided by (9/(-15))/(2/q).
56
Let w(r) = -2*r + 5. Let t(h) = -h**3 - 5*h**2 - 2*h + 5. Let m be t(-4). Calculate the remainder when 44 + (-3 - m)/4 is divided by w(-5).
14
Let m(s) = -2*s - 4. Let b be m(-4). Suppose 290 = b*a + a. What is the remainder when a is divided by -6 + 3 + 21 + 2?
18
Let z(q) = -q**3 + 6*q**2 - 11*q + 54. Calculate the remainder when 47 is divided by z(5).
23
Let h = 203 - -179. What is the remainder when h is divided by 11?
8
Suppose 5*r - 2*l - 269 = -0*r, -l = 5*r - 263. Let p = 75 + -11. Let m = p - 37. What is the remainder when r is divided by m?
26
Let h(j) = j**3 - 10*j**2 + 21*j - 83. Calculate the remainder when h(9) is divided by 4.
1
Suppose -8*k + 713 = 57. Suppose -87*g = -k*g - 500. Calculate the remainder when g is divided by 26.
22
Suppose -13 = 13*w - 39. Suppose 0 = 2*l - 3*i - 91, 97 = w*l + 2*i - 3*i. What is the remainder when l is divided by 17?
16
Let m = 145 - 139. What is the remainder when m/33 + (-1941)/(-33) is divided by 30?
29
Let v = 14 + 27. Let q = v + -34. Calculate the remainder when q is divided by 3.
1
Let j(v) = 1 - 12*v - v**2 - 1 + 4. Let d = -3 + -9. Calculate the remainder when 11 is divided by j(d).
3
Let f(k) = 4*k + 12. Let p(l) = -4*l - 11. Let h(b) = 4*f(b) + 5*p(b). Calculate the remainder when 35 is divided by h(-4).
8
Calculate the remainder when 96 is divided by (-8)/3*((-180)/24 - 0).
16
Suppose 0*v + v + 4*t = 22, -5*v = t - 110. Suppose 650 + 43 = 21*m. Suppose 11*y - m - 33 = 0. Calculate the remainder when v is divided by y.
4
Suppose 5*k - 2*k = 12. Suppose -58 = -k*p - 14. Suppose y - 2*y = -p. Calculate the remainder when 43 is divided by y.
10
Let k = 8 + 24. Calculate the remainder when (2300/k - 7) + 1/8 is divided by 18.
11
Suppose -139*d = -143*d + 12. Suppose -4 - 21 = 5*v, d*v - 19 = -2*m. Let h = -2 - -6. What is the remainder when m is divided by h?
1
Let s(x) = -16*x**2 - 2*x + 3. Let b be s(2). Let w = -39 - b. Suppose 0 = 4*p + 8, -2*p = r - 5*p - w. Calculate the remainder when r is divided by 7.
6
Suppose -48*r = -47*r. Suppose q - 36 + 23 = r. Calculate the remainder when 63 is divided by q.
11
Let x = 124 + -177. Let u = -36 - x. What is the remainder when 30 is divided by u?
13
Let f(x) = 9*x**2 + 2*x + 30. Calculate the remainder when f(5) is divided by 38.
37
Let l be ((-51)/(-9))/((-1)/18). Let s be (-1 + 0)*-1 + -32. Let n = s - l. What is the remainder when n is divided by 24?
23
Suppose -656 = -10*i - 6*i. What is the remainder when i is divided by 16?
9
Let b = 16 + -8. Let d = 18 - 59. Let t = d + 70. What is the remainder when t is divided by b?
5
Suppose -12*l + 16*l = -y + 113, -3*l - 2*y = -81. Let n = -2 - -3. What is the remainder when (-84)/n*(-2)/3 is divided by l?
27
Suppose 7*z - 2*z = 3*t + 29, -22 = 2*t - 2*z. Let y(p) = -p**2 - 15*p - 16. Calculate the remainder when 30 is divided by y(t).
0
Let c = -14 - 4. Let u = c + 40. Let g(m) = 2*m + 2. Calculate the remainder when u is divided by g(5).
10
Let o be (3 - (-3 + 0)) + -2. Let i = 24 - o. Let l = -9 + i. What is the remainder when 31 is divided by l?
9
Let w(k) = 94*k + 679. What is the remainder when 461 is divided by w(-7)?
20
Suppose 5*r - i - 425 = 2*i, -85 = -r - 2*i. Calculate the remainder when r is divided by (17 - -6) + (-2 - -1).
19
Suppose -2*b = 16 + 12. Let k = 1 - b. Suppose -1127*r + 104 = -1114*r. What is the remainder when k is divided by r?
7
What is the remainder when 98 is divided by (-178)/(-12) + (6 - (-70)/(-12))?
8
Let p = 54 + -21. Let z be (p/(-22))/(1/(-36)). Suppose -d + z = 2*d. What is the remainder when 35 is divided by d?
17
Suppose 14*c - 11 - 17 = 0. Suppose -3*b = q - 39, -c*q - 2*b + 72 = b. Calculate the remainder when q is divided by 9.
6
Let c(z) = 2*z**2 + 12*z + 35. Calculate the remainder when c(12) is divided by 26.
25
Let j = -99 + 204. Let g = 6 + -39. Let c = -6 - g. What is the remainder when j is divided by c?
24
What is the remainder when 60 is divided by (-216)/(-45)*15*(-2)/(-4)?
24
Let i be 2*((-12)/(-3) - -30). Suppose 9*x - i = 5*x. What is the remainder when x is divided by 6?
5
Suppose -579 = -13*p + 188. What is the remainder when p is divided by 9?
5
Suppose -z - z = -38. Suppose 3*k = 20 + z. Calculate the remainder when 37 is divided by k.
11
Let v(j) = j**3 - 6*j